 is -54 + -101433?
-101531
In base 2, what is -10 + -11001100100?
-11001100110
In base 10, what is -232447 - 0?
-232447
In base 3, what is -1 - -101221110?
101221102
In base 12, what is 33a0 - -246?
3626
In base 12, what is 1 - -131a0?
131a1
In base 13, what is -3 - 2b8a3?
-2b8a6
In base 11, what is -4 + 688139?
688135
In base 8, what is -7 + 346311?
346302
In base 14, what is 67d0 - -4?
67d4
In base 6, what is 12 - -11113025?
11113041
In base 13, what is -18 + 23cb?
23b3
In base 11, what is -76 + -227?
-2a2
In base 7, what is 50 - -3503?
3553
In base 4, what is 1111100 + 2001?
1113101
In base 6, what is -2 - 5545044?
-5545050
In base 9, what is -17 + 67?
50
In base 6, what is 542532 + -5?
542523
In base 3, what is -12012101 + -10?
-12012111
In base 10, what is -11 + -83713?
-83724
In base 15, what is -24 - 2343?
-2367
In base 13, what is c - -80?
8c
In base 11, what is -15777 + -1?
-15778
In base 15, what is 40cd + -4c?
4081
In base 14, what is 2309 + 21?
232a
In base 16, what is bcf - -3?
bd2
In base 3, what is -2122121001 + 201?
-2122120100
In base 4, what is 130 - 1300322?
-1300132
In base 14, what is 17 + 7351?
7368
In base 7, what is -4 + -25215?
-25222
In base 12, what is -69 + -5a4?
-651
In base 15, what is -2d8e + 2e?
-2d60
In base 12, what is -5 + -74383?
-74388
In base 13, what is -3 + -3a9654?
-3a9657
In base 9, what is 71 + -15042?
-14861
In base 7, what is 31311605 + -4?
31311601
In base 8, what is -1 + 11257?
11256
In base 10, what is 180624 + 7?
180631
In base 2, what is -101 + 1001011010110110?
1001011010110001
In base 7, what is -653 - -14516?
13533
In base 5, what is -10 + -441403?
-441413
In base 5, what is -12402 + -1?
-12403
In base 8, what is -4427 - -1650?
-2557
In base 5, what is -4040310 + 4?
-4040301
In base 8, what is 2154 + 3120?
5274
In base 12, what is -180b + 4?
-1807
In base 16, what is -a - -12d1?
12c7
In base 16, what is 7 + -e272?
-e26b
In base 4, what is -1120 + -1003323?
-1011103
In base 2, what is -11 + 10010001100100?
10010001100001
In base 12, what is -3251 - 21?
-3272
In base 7, what is 22524 + 23?
22550
In base 12, what is -15279 + -3?
-15280
In base 14, what is -2486 + 2?
-2484
In base 15, what is -38713d + 1?
-38713c
In base 12, what is 6b5 - -12?
707
In base 9, what is -213266 - -4?
-213262
In base 11, what is 51 + 1547?
1598
In base 3, what is -10002120 + -1120?
-10011010
In base 4, what is -130 + -3201?
-3331
In base 10, what is -3 + 15664?
15661
In base 7, what is -212661 + 0?
-212661
In base 13, what is -280 - 821?
-aa1
In base 4, what is -22333313 - 20?
-22333333
In base 6, what is 34343214 + 4?
34343222
In base 10, what is 2 - 4646?
-4644
In base 5, what is 3 - 30211123?
-30211120
In base 5, what is 12201034 + 0?
12201034
In base 11, what is 98a0 + -4?
9897
In base 8, what is -11 - 345176?
-345207
In base 7, what is -12 + -1421506?
-1421521
In base 11, what is 0 + 2680?
2680
In base 13, what is -a2 + -1443?
-1515
In base 6, what is 32 - -22201?
22233
In base 3, what is -1001 - -11202010?
11201002
In base 11, what is -352771 - 1?
-352772
In base 8, what is 2 - -4467350?
4467352
In base 9, what is -27766 + 4?
-27762
In base 16, what is 9b82 + 3?
9b85
In base 14, what is -2 + -acba?
-acbc
In base 13, what is -56a - -154?
-416
In base 10, what is 0 - -65586?
65586
In base 4, what is -2330310 - -3?
-2330301
In base 4, what is -11 - -1000012333?
1000012322
In base 13, what is 1 - 32125?
-32124
In base 9, what is -14534 + 21?
-14513
In base 9, what is -3 - -755833?
755830
In base 10, what is -7 - 3008?
-3015
In base 4, what is -2 + -1120310130?
-1120310132
In base 4, what is 33 + -103033003?
-103032310
In base 3, what is -1010200102 - 2110?
-1010202212
In base 7, what is 30 - -21326?
21356
In base 10, what is 98005 - 2?
98003
In base 9, what is 23 + -37516?
-37483
In base 15, what is -cdb + -e?
-cea
In base 15, what is -5a1d9 + -1?
-5a1da
In base 13, what is 42a - 64c?
-222
In base 6, what is -252321 + 4?
-252313
In base 4, what is 2303 + 102?
3011
In base 13, what is 10c25 + -2?
10c23
In base 16, what is 21 + -1e4f?
-1e2e
In base 6, what is -10 + -100153?
-100203
In base 3, what is 12 - 20012210022?
-20012210010
In base 2, what is 1001 + -1011000101110111?
-1011000101101110
In base 2, what is -111000111101011 + -101?
-111000111110000
In base 15, what is 0 + 334e?
334e
In base 4, what is 31203 - 122200?
-30331
In base 16, what is -6e2 - -d20?
63e
In base 10, what is 2317 - 4?
2313
In base 10, what is 2053 - 202?
1851
In base 6, what is 32 + -210405?
-210333
In base 10, what is -125465 - -4?
-125461
In base 10, what is 491832 + 3?
491835
In base 12, what is -5 + -747b?
-7484
In base 12, what is -15 - 5682?
-5697
In base 12, what is 3a4 + 1b77?
235b
In base 8, what is 32 - -4745?
4777
In base 13, what is a5b4 - -8?
a5bc
In base 11, what is -9 - -aa5?
a97
In base 13, what is -19 - 1226?
-1242
In base 2, what is -1001 + 10110010110011?
10110010101010
In base 14, what is 2 + 13773?
13775
In base 7, what is -4 - 326102?
-326106
In base 14, what is 2076 + -435?
1a41
In base 2, what is -100100111000001011111 - -11?
-100100111000001011100
In base 15, what is 508 + -6a?
48d
In base 14, what is 4 + 219c?
21a2
In base 13, what is 0 + 3233?
3233
In base 7, what is -2 + 325304?
325302
In base 11, what is 21273 - 0?
21273
In base 15, what is 8ade + -d?
8ad1
In base 11, what is -23 - -1180?
1158
In base 2, what is 110101010 - -1000000?
111101010
In base 10, what is 90766 + 5?
90771
In base 13, what is 6280 - 1?
627c
In base 16, what is 3d746 + -2?
3d744
In base 15, what is 1 + 8115e?
81160
In base 12, what is 3a350 + 5?
3a355
In base 8, what is 15452 - 2?
15450
In base 6, what is 1 + 3504010?
3504011
In base 12, what is -5535 + 14?
-5521
In base 14, what is -1 + -ad668?
-ad669
In base 3, what is -1001 - -11221011112?
11221010111
In base 5, what is 12214 - 21?
12143
In base 4, what is -10102 + -20?
-10122
In base 12, what is 393 - 11a?
275
In base 16, what is 0 - -39346?
39346
In base 6, what is 30 - -113051?
113121
In base 12, what is 892 - 31?
861
In base 14, what is -2 + -719b?
-719d
In base 10, what is 26714 - 8?
26706
In base 3, what is 1002100 + 201100?
1210200
In base 12, what is 0 + 19003?
19003
In base 7, what is 34626041 - 2?
34626036
In base 15, what is 43022 + 2?
43024
In base 5, what is -421244 + -13?
-421312
In base 2, what is -1011010110110101 - -10?
-1011010110110011
In base 11, what is 0 - -12418?
12418
In base 11, what is -a + -54200?
-5420a
In base 9, what is 5435 + 20?
5455
In base 6, what is -35 + 1512?
1433
In base 13, what is 113ab - -5?
113b3
In base 9, what is 4 - -2218631?
2218635
In base 2, what is 100 - -10101101110001?
10101101110101
In base 13, what is 275c9 - 3?
275c6
In base 12, what is -15a + 1748?
15aa
In base 7, what is -53 - -5333?
5250
In base 14, what is -179ba + 5?
-179b5
In base 13, what is 310155 + 5?
31015a
In base 7, what is -1250 - 233?
-1513
In base 15, what is 1216b4 - 5?
1216ae
In base 10, what is 341 - 189?
152
In base 12, what is -1a546 - -10?
-1a536
In base 15, what is 0 - 6c68?
-6c68
In base 10, what is -1558788 - -5?
-1558783
In base 3, what is 122021 - -11?
122102
In base 4, what is 201310 - -10201?
212111
In base 10, what is 1524 + 2885?
4409
In base 9, what is -628 - -665?
36
In base 14, what is -26 - -c55?
c2d
In base 12, what is -443 + 24?
-41b
In base 8, what is 32 - 266?
-234
In base 14, what is -1c91a - -1?
-1c919
In base 7, what is 104341 + -15?
104323
In base 12, what is 17 + -133a?
-1323
In base 16, what is 5 + a3d7?
a3dc
In base 14, what is -6b + -42a?
-497
In base 7, what is -10 + 21265?
21255
In base 9, what is 735 + -1008?
-163
In base 11, what is 717 - 144?
583
In base 3, what is 200 - 2202000211?
-2202000011
In base 14, what is -4 - 56329?
-5632d
In base 8, what is -166367 + -11?
-166400
In base 11, what is -122 + 933?
811
In base 7, what is 3 + 145521?
145524
In base 9, what is 8 - -5802?
5811
In base 9, what is -1715 - 2?
-1717
In base 13, what is 3 + 5a7?
5aa
In base 14, what is -c - -12b92?
12b84
In base 14, what is -14dab - b?
-14db8
In base 8, what is -3621 - -5?
-3614
In base 9, what is -170 - 37?
-217
In base 6, what is -22 + 105114?
105052
In base 15, what is 5 + -a5?
-a0
In base 14, what is 5752b + -2?
57529
In base 9, what is 887 - 